7. Let p be b - 11/(33/(-72)). What is the units digit of (p/(-6))/((-10)/75)?
5
Let o = 32 - 38. What is the units digit of (26/5 + o)/((-1)/125)?
0
What is the units digit of 446/6 + (-4)/12 + -4?
0
Let j(o) be the third derivative of -o**4/8 + 7*o**3/6 - 10*o**2. Let b(m) = 2*m - 3. Let n(l) = 5*b(l) + 2*j(l). What is the units digit of n(5)?
9
Suppose 18 = -4*n + 3*n. Let v be (n/(-2))/((-5)/30). Let c = v + 103. What is the units digit of c?
9
Let v = -47 + -181. Let t = -150 - v. What is the tens digit of t?
7
Let f be ((-140)/(-2))/(5/40). Suppose 0 = -6*g - g + f. What is the units digit of g?
0
Suppose 2805 = b + 905. What is the units digit of b?
0
What is the tens digit of (10 - (3 - 386)) + -7?
8
Let m(z) = z**2 - z. Let c(t) = -t**2 + 3*t - 5. Let g(f) = -c(f) - 2*m(f). Let j be g(0). What is the tens digit of (26/(-6))/(j/(-15))?
1
Suppose 0 = -o + 53 + 17. What is the tens digit of o?
7
Suppose 3*x - 9 = -4*o, -4 - 4 = -o + 5*x. Let m be (-6)/27*o*-156. Suppose -4*b + m = -120. What is the tens digit of b?
5
Let v = 41 - 38. Let b(a) = -a**2 + 6*a - 4. What is the units digit of b(v)?
5
Let q = 2860 - 1883. What is the hundreds digit of q?
9
Let d(p) = -p + 2. Let q be d(5). Let h be ((-18)/5)/(2 - 29/15). What is the units digit of (h - 3)*1/q?
9
Let v be (-2)/(19/5 + -4). Let k be (-3 + 7)/(-1) + v. Suppose x - k = -0*x. What is the units digit of x?
6
Let l = 14 + -8. Let u = -8 - -21. Let s = u - l. What is the units digit of s?
7
Suppose 0 = 3*w + 3*a + a - 188, w - 81 = -5*a. Suppose t = w + 6. Let d = t - 35. What is the units digit of d?
7
Let z(b) = 10*b**2 + 18*b - 30. What is the thousands digit of z(10)?
1
Let c(h) = 3*h**2 - 19*h - 21. Let j be c(12). Let w = j - -15. What is the tens digit of w?
9
Let s(p) = -108*p - 54. What is the tens digit of s(-9)?
1
Let g = -4 + 9. Suppose -3*f + 3 = -f - g*m, -51 = -4*f - 5*m. What is the tens digit of (f/6)/(-1)*-20?
3
Suppose 16*p - 7736 = 4648. What is the tens digit of p?
7
Let a(n) = -n**2 + 6*n + 4. Let p be a(7). Let f = p + 7. Suppose 2*g + 14 = f*g. What is the units digit of g?
7
Let o be -15 - (-3)/(-12)*4. Let b = 33 + 18. Let g = o + b. What is the units digit of g?
5
Suppose -5*s - 4 = 1. Let q(x) = -2*x. Let m be q(s). Suppose -4*i + 76 = -m*i - 2*f, 5*f = -20. What is the tens digit of i?
3
Suppose r - 4*w + 5 = -10, 5*w - 16 = 4*r. Let c(v) = -1 - r - 7*v - 25*v - 7*v. What is the units digit of c(-1)?
7
Suppose -3*j = -u + 16, 0 = -2*u - 2*j + 20 + 52. Let k = 46 + u. What is the units digit of k?
7
Suppose 0 = -6*i + 5*i + 6. Let k(x) = -x**3 + 9*x**2 - 5*x + 2. What is the units digit of k(i)?
0
Let p(i) = -2 + 3*i - 2 + 2. Let a be (-24)/108 - 74/(-9). What is the units digit of p(a)?
2
Let g(p) = 99*p + 203. What is the thousands digit of g(9)?
1
Let b(n) = -n + 12. Let s be b(8). Let c(g) = 12*g**2 - 12*g + 5. What is the hundreds digit of c(s)?
1
Let d = 1 - 1. Let t(j) = j - 4 + 0*j + 3 + d + 20*j**2. What is the units digit of t(1)?
0
What is the units digit of (-32)/144 - (-1896)/27?
0
Suppose -35*u - 41383 = -64*u. What is the units digit of u?
7
Suppose 20 = -5*q, -3*c = 2*c - 5*q - 40. Suppose 4*u + 680 = -0*p + c*p, 2*p - 332 = -2*u. What is the units digit of p?
8
Let l be (-4 - (-69)/6)*6. Let c = -27 + l. Suppose 0 = 2*a + 10 - c. What is the units digit of a?
4
Let j(v) be the second derivative of 157*v**3/6 - v**2 + 6*v. Let x be j(2). Suppose -7*t - t + x = 0. What is the units digit of t?
9
Suppose -4*q + 2*a + 248 = 0, -5*q = a - 45 - 265. Suppose 119 = 3*f - 3*g - 67, -f - 3*g = -q. What is the units digit of f?
2
Let r = -308 + 742. What is the hundreds digit of r?
4
Let t = 9 + -16. Let w(s) = 2*s**2 + 8*s - 10. What is the tens digit of w(t)?
3
Let i be 169/3 - (-4)/(-12). Let k be (-2 + 1/1)*i. What is the units digit of (-2)/(-10) + k/(-20)?
3
Let b = 34 - 30. Suppose 5*s + b*k = -3100, 0*s + 2*k = 4*s + 2506. What is the units digit of s/(-9) + 4/6?
0
Let f(u) = -u**3 + 30*u**2 + 11*u + 38. What is the hundreds digit of f(27)?
5
Let u = 64 - 0. Let l = u + 21. What is the tens digit of l?
8
Suppose -188*j + 180*j = -2168. What is the tens digit of j?
7
What is the tens digit of 11/5 + -2 - (-82548)/60?
7
Suppose r - 33 = 26. Let b = -41 + r. What is the tens digit of b?
1
Suppose -6*k + 8736 = 8*k. Suppose -16*a + k = -13*a. What is the units digit of a?
8
Suppose 3*h - 6 = -x, 2*x - x - 6 = -5*h. Suppose -5*b + x = -24. What is the units digit of b/9 + (-238)/(-21)?
2
Let a(k) = k**3 - 4*k**2 - 4*k - 5. Let f be a(5). Suppose f = s - 54 + 2. What is the tens digit of s?
5
Let f(c) be the first derivative of 1 - 1/2*c**2 + 6*c. What is the tens digit of f(-16)?
2
Let a = -154 + 360. Let s = -110 + a. What is the tens digit of s?
9
Let a(d) = 2*d**2 + 9*d + 4. Let v be a(-6). Let k be (7*(-16)/280)/(4/(-10)). Let m = v + k. What is the tens digit of m?
2
Let s(z) = -5*z - 14. Let i be s(-4). Let a(v) = 7*v + 3. What is the tens digit of a(i)?
4
Let l be ((-1)/(-2))/(4/32). Suppose -2*i = -l*i + 3*p + 1, -3*p + 3 = 0. Suppose -4*v = i*v - 282. What is the tens digit of v?
4
Suppose -37 = -4*c + l, -5*l + 15 = 2*c + 3*c. What is the units digit of 50/40 + 862/c?
9
Let o(j) = -j - 9. Let p be o(-9). Let c = p - -2. What is the tens digit of 37/c + 14/28?
1
Suppose 5*p + 19 = t, -4*t - 2*p + p + 34 = 0. What is the units digit of (66/8)/(t/36)?
3
Let m = 54 - 28. Let y = 14 + 13. Let c = y + m. What is the units digit of c?
3
Let n(y) = -y**3 + 9*y**2 + 40*y - 6. What is the tens digit of n(10)?
9
Let v be -1*((-4)/(-22) + (-60)/(-33)). What is the tens digit of 1 - v/(1 - (-693)/(-699))?
3
Let w be (-2)/7 - 99/(-77). What is the hundreds digit of (-1428)/(-70)*(7 - 2)*w?
1
Suppose 149*b - 132*b - 28662 = 0. What is the tens digit of b?
8
Let z = 227 - -168. What is the hundreds digit of z?
3
Let c = 364 - 256. What is the tens digit of c?
0
What is the hundreds digit of (3/(-2))/((-12)/4456)?
5
Suppose -10*a - 100 = -14*a. Let l(g) = -g**3 + 27*g**2 - 44*g - 35. What is the hundreds digit of l(a)?
1
Suppose 2*c = -0*c - 12. Let m be (1/(-1) - -4)*(-1826)/(-66). Let k = c + m. What is the tens digit of k?
7
Suppose -2*z + 309 = -3*l, 4*z - 8*l - 608 = -12*l. What is the tens digit of z?
5
Suppose -4*c - 669 = -6177. What is the units digit of c?
7
Suppose -4*q = 0, m + 3*q + 7 = 2*m. Let d = m - 5. Suppose -5*u + d*t + 42 = 0, 2*t = -3*u + t + 23. What is the units digit of u?
8
Let n(h) = h**2 - 10*h - 7. Let p be n(10). Let i(r) = -r + 18. What is the units digit of i(p)?
5
Suppose 2*x - 16 = 2*j, 3*j = -4*x - 0*j + 4. Suppose x*h + 4 + 0 = 0, 3*u = -5*h + 253. What is the tens digit of u?
8
Let w = 8 + -7. Let k be w/2*(-6 + -40). Let p = 38 + k. What is the units digit of p?
5
Let f be 1/3 + 152/(-24). Let u(s) = -s**3 - 5*s**2 + 5*s - 3. Let a be u(f). Let r(z) = 7*z - 3. What is the tens digit of r(a)?
1
Let v = 849 + 15. What is the tens digit of v?
6
Suppose -2*l + 3*l - 1 = 0, 3*y - 5*l - 58 = 0. What is the units digit of ((-150)/21)/(81/y + -4)?
0
What is the hundreds digit of 6/9 - 13510/(-21)?
6
Let m(j) = 29*j - 61. Let f be m(15). Let w = f - 191. What is the tens digit of w?
8
What is the hundreds digit of 3 + (-9 - -1) - (2 - 253)?
2
Let r(d) = 45*d - 44. Let j be r(20). Suppose 2*y = -2*y + j. What is the tens digit of y?
1
Let o(j) = j**3 - 2*j**2 - 1. Let g be o(7). Suppose -5*w = 3*r + g, -2*w + 0*r - 104 = -2*r. Let z = w + 74. What is the tens digit of z?
2
Suppose 4*w - 317 - 379 = 0. Suppose -4*v = 3*p - w, p - v = -2*p + 174. What is the units digit of -2*1*p/(-4)?
9
Let n be (-6)/4 + 110/20. Suppose 6 = i + n. Suppose s = i + 1. What is the units digit of s?
3
Suppose 0 = 9*b + 3*b - 264. Suppose 3*c = -q + 399 + b, 2*c - q - 284 = 0. What is the units digit of c?
1
Suppose 0 = 4*w + 3 + 1. What is the tens digit of w/((-6)/(-21))*-28?
9
Suppose -44*t = -39*t - 90. Suppose 4*s - x - 153 = 0, 2*s + 3*x = 3*s - 41. Suppose -4*n = -s - t. What is the tens digit of n?
1
Suppose 0 = -r - 5*y + 14 + 40, -3*r + 106 = y. Let t = r - -80. What is the units digit of t?
4
What is the tens digit of (-175932)/(-234) + (-1)/(52/(-8))?
5
Suppose -5*t + 2874 = 2*c, 4*c + 4*t + 317 = 6065. What is the units digit of c?
